er?
True
Is 1026029 a composite number?
False
Is 35522 composite?
True
Is 11477 a composite number?
True
Is 470243 composite?
False
Is 3418 prime?
False
Is 96427 a composite number?
True
Is 481 a composite number?
True
Is 22769 prime?
True
Is 27031 prime?
True
Is 1356797 prime?
False
Is 295511 a prime number?
False
Is 2168885 a composite number?
True
Is 331 a composite number?
False
Is 294383 a prime number?
True
Is 35489 a prime number?
False
Is 2155 a prime number?
False
Is 356621 prime?
True
Is 4717 prime?
False
Is 6289 composite?
True
Is 28709 composite?
True
Is 56159 prime?
False
Is 1688959 a prime number?
False
Is 3637 a prime number?
True
Is 75271 composite?
True
Is 452301 composite?
True
Is 151703 a prime number?
True
Is 4283 a composite number?
False
Is 2615 prime?
False
Is 152747 composite?
True
Is 85411 composite?
False
Is 57569 a prime number?
False
Is 5507 composite?
False
Is 31013 composite?
False
Is 11801 composite?
False
Is 43867 a prime number?
True
Is 139033 composite?
False
Is 38321 composite?
False
Is 681641 prime?
False
Is 594647 composite?
True
Is 221219 prime?
True
Is 6629 a composite number?
True
Is 134777 a prime number?
True
Is 10643 a prime number?
False
Is 8137 a composite number?
True
Is 41723 a prime number?
False
Is 135895 prime?
False
Is 1679 a prime number?
False
Is 24907 composite?
False
Is 25013 a prime number?
True
Is 113327 composite?
False
Is 2749 a prime number?
True
Is 60063 a prime number?
False
Is 1123 composite?
False
Is 131513 composite?
True
Is 6521 a prime number?
True
Is 5111 composite?
True
Is 13271 a prime number?
False
Is 3863 composite?
False
Is 4889 a prime number?
True
Is 89617 a composite number?
True
Is 471 a prime number?
False
Is 99511 prime?
False
Is 11089 composite?
True
Is 36847 prime?
True
Is 29527 a composite number?
False
Is 691433 a composite number?
False
Is 92705 a prime number?
False
Is 4193 a composite number?
True
Is 29917 composite?
False
Is 1627195 composite?
True
Is 55661 a prime number?
True
Is 266177 a composite number?
False
Is 257 prime?
True
Is 579849 a composite number?
True
Is 10123 prime?
False
Is 2204071 a prime number?
True
Is 325513 prime?
True
Is 247223 prime?
True
Is 1982 composite?
True
Is 993679 prime?
True
Is 63187 prime?
False
Is 31469 prime?
True
Is 19447 a composite number?
False
Is 21737 prime?
True
Is 1515377 a composite number?
False
Is 423723 a composite number?
True
Is 265957 a composite number?
False
Is 339 a prime number?
False
Is 13849 prime?
False
Is 33403 a composite number?
False
Is 21207 composite?
True
Is 35671 a composite number?
False
Is 158959 composite?
False
Is 18593 prime?
True
Is 16922 composite?
True
Is 123661 a prime number?
True
Is 157343 a prime number?
False
Is 29749 prime?
False
Is 19121 a prime number?
True
Is 2747 a composite number?
True
Is 4711 prime?
False
Is 229791 prime?
False
Is 211207 prime?
False
Is 38687 a composite number?
True
Is 13042 composite?
True
Is 272131 a composite number?
False
Is 16291 prime?
False
Is 10499 a composite number?
False
Is 14621 a prime number?
True
Is 164881 a composite number?
False
Is 30631 prime?
True
Is 551073 a composite number?
True
Is 135887 prime?
True
Is 212411 composite?
False
Is 1303 composite?
False
Is 27769 composite?
True
Is 23597 a composite number?
True
Is 377537 a composite number?
False
Is 60331 a composite number?
False
Is 12759 composite?
True
Is 14281 a prime number?
True
Is 66559 a prime number?
False
Is 179 a prime number?
True
Is 7717 a prime number?
True
Is 100235 a composite number?
True
Is 987851 composite?
False
Is 7597 a prime number?
False
Is 1657 a composite number?
False
Is 793589 composite?
True
Is 4971 a prime number?
False
Is 1273 prime?
False
Is 74377 a prime number?
True
Is 179083 a prime number?
True
Is 38 prime?
False
Is 2941 a composite number?
True
Is 2939 composite?
False
Is 11801 composite?
False
Is 16249 prime?
True
Is 3407 a prime number?
True
Is 463781 a composite number?
False
Is 4717563 prime?
False
Is 237 prime?
False
Is 370211 composite?
True
Is 9562819 prime?
False
Is 116903 composite?
False
Is 4189 a composite number?
True
Is 87071 a prime number?
True
Is 375833 a composite number?
False
Is 199573 prime?
False
Is 272841 a composite number?
True
Is 9007 a prime number?
True
Is 11551 a composite number?
False
Is 5261 a composite number?
False
Is 521 composite?
False
Is 316311 prime?
False
Is 3389 a prime number?
True
Is 3637 a prime number?
True
Is 38629 a prime number?
True
Is 149791 a prime number?
True
Is 1559399 prime?
True
Is 14077 a prime number?
False
Is 63241 a composite number?
False
Is 1384645 prime?
False
Is 5953 a composite number?
False
Is 274889 a composite number?
False
Is 8819 a composite number?
False
Is 887 prime?
True
Is 72749 a composite number?
True
Is 1271 a prime number?
False
Is 67741 a composite number?
False
Is 19177 a prime number?
False
Is 404573 prime?
False
Is 295 composite?
True
Is 32639 prime?
False
Is 40133 a composite number?
True
Is 9897 composite?
True
Is 12311 prime?
False
Is 165151 a composite number?
True
Is 3019 prime?
True
Is 80819 prime?
True
Is 19105 composite?
True
Is 72983 composite?
True
Is 915391 prime?
True
Is 19841 prime?
True
Is 17555 a composite number?
True
Is 29917 prime?
True
Is 14897 composite?
False
Is 412697 composite?
True
Is 746719 composite?
True
Is 460415 composite?
True
Is 12889 composite?
False
Is 28387 composite?
False
Is 25301 composite?
False
Is 30869 a prime number?
True
Is 241861 a prime number?
True
Is 2117 a prime number?
False
Is 65641 a composite number?
True
Is 6319 composite?
True
Is 50707 a composite number?
False
Is 63995 composite?
True
Is 12571 a prime number?
False
Is 5729 a composite number?
True
Is 91231 composite?
True
Is 2933 prime?
False
Is 86011 a prime number?
True
Is 10681 a prime number?
False
Is 30347 a composite number?
False
Is 392813 a prime number?
False
Is 137927 a composite number?
False
Is 250109 composite?
False
Is 13 prime?
True
Is 854443 a prime number?
True
Is 562447 a composite number?
True
Is 976597 a prime number?
False
Is 2265841 prime?
True
Is 732439 a composite number?
False
Is 61499 composite?
True
Is 65411 prime?
False
Is 276073 a composite number?
True
Is 9227 a composite number?
False
Is 7639 a prime number?
True
Is 39167 composite?
True
Is 278321 a composite number?
False
Is 79003 a composite number?
True
Is 311 prime?
True
Is 7289 a prime number?
False
Is 47903 composite?
False
Is 211 a composite number?
False
Is 406613 prime?
False
Is 614 a composite number?
True
Is 120839 prime?
False
Is 301939 a composite number?
True
Is 11113 prime?
True
Is 162209 a composite number?
False
Is 4097 a composite number?
True
Is 62893 a prime number?
False
Is 156311 prime?
False
Is 8461 prime?
True
Is 11626 a prime number?
False
Is 2531 a composite number?
False
Is 132469 a prime number?
True
Is 537841 a composite number?
False
Is 1415389 a composite number?
True
Is 574419 a prime number?
False
Is 259499 a prime number?
True
Is 152159 prime?
False
Is 3521 prime?
False
Is 2327 a composite number?
True
Is 15031 a prime number?
True
Is 7741 a prime number?
True
Is 89951 composite?
True
Is 6079 prime?
True
Is 147233 composite?
True
Is 15185 a composite number?
True
Is 7113 composite?
True
Is 17903 composite?
False
Is 14983 composite?
False
Is 3007 a prime number?
False
Is 122117 prime?
True
Is 25213 prime?
False
Is 939143 composite?
True
Is 15127 a prime number?
False
Is 13346 a composite number?
True
Is 5311 prime?
False
Is 18113 a composite number?
True
Is 61781 a composite number?
False
Is 21361 composite?
True
Is 25817 a composite number?
True
Is 325571 composite?
False
Is 804587 prime?
False
Is 1621 a composite number?
False
Is 590243 a composite number?
False
Is 124277 a prime number?
True
Is 479327 prime?
True
Is 92359 a prime number?
False
Is 25523 a composite number?
False
Is 14081 prime?
True
Is 120181 prime?
True
Is 112397 prime?
True
Is 96983 prime?
False
Is 5969 a composite number?
True
Is 2093071 a prime number?
True
Is 1847 composite?
False
Is 174101 composite?
False
Is 189649 a prime number?
False
Is 20911 prime?
False
Is 4963557 prime?
False
Is 9151 composite?
False
Is 683003 prime?
True
Is 88463 prime?
True
Is 1291 a composite numb